-6288
What is 6324 (base 16) in base 5?
1303010
1021 (base 6) to base 8
345
What is 3421 (base 7) in base 5?
14430
Convert 2103321 (base 4) to base 11.
7125
Convert a28 (base 13) to base 12.
bb8
Convert -2610 (base 13) to base 10.
-5421
-12212011 (base 3) to base 2
-1000010101110
-1462 (base 10) to base 13
-886
-5917 (base 11) to base 8
-17122
What is -168 (base 9) in base 8?
-217
-1012012 (base 3) to base 4
-31211
What is 45 (base 8) in base 13?
2b
Convert 12366 (base 7) to base 16.
cd2
8bf (base 16) to base 13
1033
Convert 1897 (base 11) to base 12.
1485
What is -a8de (base 15) in base 12?
-1883b
Convert -535 (base 8) to base 5.
-2344
Convert 3441 (base 5) to base 9.
611
What is 100121022 (base 3) in base 10?
7001
Convert -59da (base 14) to base 2.
-11110100111100
Convert -2131 (base 10) to base 5.
-32011
What is 91f (base 16) in base 8?
4437
111010111 (base 2) to base 8
727
Convert -5ccc (base 14) to base 11.
-11235
-15a (base 16) to base 11
-295
-311434 (base 5) to base 7
-41603
8ec (base 15) to base 12
1206
What is 1133220 (base 4) in base 7?
23562
What is -3202311 (base 4) in base 16?
-38b5
What is a84 (base 12) in base 4?
120010
What is -1526 (base 7) in base 14?
-316
Convert 2638 (base 9) to base 16.
7bb
Convert -278 (base 11) to base 5.
-2302
What is 110220111 (base 3) in base 13?
438a
What is -33 (base 9) in base 15?
-20
Convert 117e (base 16) to base 12.
2712
What is -1272 (base 11) in base 4?
-121310
Convert 1027 (base 16) to base 15.
135a
What is -14c26 (base 13) in base 10?
-39409
What is -17 (base 10) in base 8?
-21
What is 198 (base 16) in base 12?
2a0
-5737 (base 16) to base 5
-1203302
1122112 (base 3) to base 11
9a3
What is -1a832 (base 12) in base 14?
-10406
103a (base 14) to base 3
10211120
Convert 196 (base 16) to base 9.
501
4325 (base 7) to base 6
11042
Convert -1001000100011 (base 2) to base 15.
-1598
Convert bc (base 13) to base 7.
311
What is -23200 (base 4) in base 12?
-514
-c40b (base 14) to base 5
-2034343
-12110 (base 3) to base 5
-1042
Convert 41e (base 15) to base 14.
4a5
Convert 111551 (base 9) to base 4.
100103212
What is 2b5 (base 14) in base 6?
2315
-110100010 (base 2) to base 9
-514
-110221102 (base 3) to base 2
-10010011011010
Convert 150425 (base 6) to base 11.
a917
Convert -a424 (base 12) to base 5.
-1033014
Convert 221210011 (base 3) to base 11.
13138
21d8 (base 14) to base 16
16f2
What is 564 (base 9) in base 3?
122011
Convert -15105 (base 6) to base 4.
-211301
What is -1335 (base 6) in base 9?
-425
What is 20012 (base 4) in base 2?
1000000110
What is 1767 (base 9) in base 13?
805
-8a86 (base 11) to base 7
-46563
-4c42 (base 15) to base 7
-65261
Convert -c511 (base 15) to base 13.
-15c52
Convert 11469 (base 16) to base 8.
212151
Convert -55662 (base 8) to base 12.
-11702
-3712 (base 10) to base 8
-7200
Convert -470 (base 11) to base 14.
-2c1
What is -327 (base 11) in base 4?
-12020
335 (base 12) to base 7
1244
Convert 2002 (base 4) to base 8.
202
Convert 121230 (base 5) to base 4.
1013111
Convert -314 (base 11) to base 2.
-101111010
7b19 (base 13) to base 10
17260
18a (base 13) to base 16
11b
Convert -8778 (base 10) to base 5.
-240103
Convert -4223 (base 6) to base 9.
-1266
What is -1122120 (base 5) in base 15?
-6025
Convert 273a (base 15) to base 9.
12441
Convert 11002202 (base 3) to base 2.
101110101110
Convert 8015 (base 9) to base 15.
1aeb
What is -123131 (base 5) in base 14?
-1a63
What is -8530 (base 9) in base 7?
-24156
2011120022 (base 3) to base 9
64508
Convert -3329 (base 10) to base 11.
-2557
-113 (base 12) to base 15
-a9
112326 (base 7) to base 5
1120221
55302 (base 7) to base 6
144113
-114414 (base 6) to base 8
-23552
What is 222 (base 4) in base 15?
2c
-407 (base 12) to base 9
-717
Convert -554 (base 9) to base 7.
-1216
4db (base 15) to base 2
10001010010
What is 1281 (base 9) in base 14?
4cc
What is -9ecf (base 16) in base 15?
-c0a5
-d6 (base 15) to base 8
-311
-3b6 (base 12) to base 8
-1072
What is 2532 (base 9) in base 2?
11101100100
193e (base 15) to base 5
133314
132140 (base 6) to base 2
10111101111100
What is -100111010100 (base 2) in base 5?
-40031
10220011 (base 3) to base 2
101100010111
-2391 (base 10) to base 7
-6654
What is -3380 (base 9) in base 11?
-1975
-1320231 (base 5) to base 3
-1100002200
Convert -222525 (base 6) to base 11.
-13117
Convert -898 (base 12) to base 16.
-4f4
Convert -46603 (base 11) to base 12.
-32b27
What is 8520 (base 9) in base 16?
186f
What is -304421 (base 5) in base 9?
-14625
Convert -1ae33 (base 15) to base 9.
-143113
What is -32143 (base 6) in base 14?
-1851
What is -186a4 (base 11) in base 4?
-12120101
What is 12a (base 16) in base 12?
20a
-3954 (base 12) to base 15
-1e14
248 (base 9) to base 13
12b
-1000101010011011 (base 2) to base 3
-1210200012
What is 16632 (base 7) in base 13?
2235
-244a (base 14) to base 3
-22200202
6729 (base 12) to base 10
11409
4151 (base 10) to base 6
31115
Convert 2577 (base 8) to base 14.
727
-220022 (base 4) to base 2
-101000001010
300 (base 13) to base 11
421
-5ab9 (base 13) to base 6
-135215
What is -1100110 (base 3) in base 7?
-2604
What is -4abc (base 16) in base 4?
-10222330
Convert -22015 (base 8) to base 4.
-2100031
What is -122112201 (base 3) in base 10?
-12790
-331c (base 13) to base 5
-211443
Convert -1130 (base 6) to base 13.
-17a
Convert 1232 (base 10) to base 15.
572
-8611 (base 10) to base 4
-2012203
What is -5768 (base 12) in base 11?
-7344
Convert 2003303 (base 4) to base 16.
20f3
What is 102103 (base 5) in base 6?
23431
Convert -210101 (base 3) to base 2.
-1001000001
What is 185a (base 13) in base 16?
e28
What is 3525 (base 7) in base 6?
5553
What is -12055 (base 9) in base 2?
-1111110000101
Convert -13222021 (base 4) to base 6.
-401121
Convert -41020 (base 5) to base 13.
-1279
What is -202222022 (base 3) in base 4?
-3232322
2925 (base 15) to base 8
21152
Convert -616 (base 7) to base 2.
-100110011
What is -434 (base 6) in base 9?
-204
What is 440332 (base 5) in base 6?
153512
What is 10100110100000 (base 2) in base 11?
8008
Convert -10201202 (base 3) to base 10.
-2720
22022 (base 6) to base 2
101111011110
Convert -34303 (base 5) to base 8.
-4625
What is 295 (base 14) in base 13?
313
-3a74 (base 11) to base 10
-5284
What is 100000110 (base 2) in base 10?
262
-ee (base 16) to base 14
-130
What is 100100001110 (base 2) in base 13?
1094
What is 21110 (base 3) in base 10?
201
Convert 44335 (base 6) to base 15.
1c6e
-12121 (base 3) to base 13
-b8
What is -235 (base 14) in base 12?
-307
-31321 (base 5) to base 4
-200212
Convert 1543 (base 13) to base 8.
6031
What is -515 (base 16) in base 3?
-1210012
2052 (base 6) to base 11
392
Convert -250 (base 9) to base 8.
-317
1278 (base 11) to base 5
23113
What is -440441 (base 5) in base 10?
-15121
Convert -2bd (base 14) to base 2.
-1000101111
Convert -282 (base 14) to base 4.
-13322
What is -363d (base 15) in base 9?
-16734
f7 (base 16) to base 10
247
-1940 (base 10) to base 6
-12552
What is 2903 (base 10) in base 7?
11315
What is -30135 (base 6) in base 12?
-234b
Convert -2766 (base 8) to base 11.
-1168
201210 (base 3) to base 4
20112
36f (base 16) to base 12
613
-104042 (base 5) to base 7
-13430
Convert -10277 (base 14) to base 5.
-2221123
393 (base 11) to base 5
3330
-213 (base 8) to base 5
-1024
What is 2454 (base 8) in base 9?
1731
1021 (base 3) to base 5
114
Convert -671 (base 8) to base 4.
-12321
548a (base 13) to base 7
46221
What is 132a (base 12) in base 11?
1715
Convert -1805 (base 9) to base 16.
-566
29bb (base 15) to base 9
13245
-5235 (base 7) to base 8
-3457
What is -211 (base 5) in base 16?
-38
-6a3 (base 11) to base 8
-1507
What is 366 (base 7) in base 13?
120
Convert -2c64 (base 14) to base 6.
-100412
What is -98a7 (base 11) in base 8?
-31410
What is 4055 (base 6) in base 4?
32003
Convert -4c3 (base 16) to base 2.
-10011000011
What is -24352 (base 6) in base 4?
-320030
Convert 11932 (base 11) to base 13.
7a21
46e (base 16) to base 9
1500
110100111 (base 2) to base 5
3143
Convert -1011011111 (base 2) to base 8.
-1337
Convert -701 (base 9) to base 7.
-1441
Convert bb (base 15) to base 3.
20112
-61 (base 14) to base 4
-1111
97 (base 10) to base 2
1100001
7234 (base 9) to base 10
5296
421 (base 5) to base 7
216
What is -37a (base 13) in base 7?
-15